{"id":200,"date":"2019-04-30T20:22:27","date_gmt":"2019-05-01T01:22:27","guid":{"rendered":"https:\/\/2019.mexicocity.wordcamp.org\/?page_id=200"},"modified":"2019-08-19T20:59:24","modified_gmt":"2019-08-20T01:59:24","slug":"llamado-a-patrocinadores","status":"publish","type":"page","link":"https:\/\/mexicocity.wordcamp.org\/2019\/llamado-a-patrocinadores\/","title":{"rendered":"Llamado a patrocinadores"},"content":{"rendered":"\r\n<p class=\"wp-block-paragraph\"><a href=\"https:\/\/2019.mexicocity.wordcamp.org\/call-for-sponsors\/\" target=\"_blank\" rel=\"noreferrer noopener\" aria-label=\"-- English translation here -- (opens in a new tab)\">&#8212; English translation here &#8212;<\/a><\/p>\r\n\r\n\r\n\r\n<p class=\"wp-block-paragraph\">La comunidad de WordPress en M\u00e9xico, est\u00e1 feliz de anunciarte que el WordCamp 2019 CDMX se llevar\u00e1 a cabo el pr\u00f3ximo S\u00e1bado 31 de agosto.<\/p>\r\n\r\n\r\n\r\n<p class=\"wp-block-paragraph\">Esperamos contar con una audiencia de 400 asistentes entre ellos dise\u00f1adores, bloggers, mercad\u00f3logos, desarroladores y usuarios casuales de WordPress.<\/p>\r\n\r\n\r\n\r\n<h2 class=\"wp-block-heading\">Patrocina #WCMEX<\/h2>\r\n\r\n\r\n\r\n<p class=\"wp-block-paragraph\">Patrocinar WordCamp CDMX es una buena oportunidad para apoyar a la comunidad que ha crecido alrededor del gestor de contenidos m\u00e1s popular y extendido del mundo.<\/p>\r\n\r\n\r\n\r\n<p class=\"wp-block-paragraph\">Entre nuestros asistentes habr\u00e1 emprendedores, bloggers, dise\u00f1adores, desarrolladores y empresarios de todo el pa\u00eds.<\/p>\r\n\r\n\r\n\r\n<p class=\"wp-block-paragraph\">Queremos hacer el evento tan accesible como nos sea posible para toda la gente manteniendo un precio bajo de entrada para nuestros asistentes.<\/p>\r\n\r\n\r\n\r\n<p class=\"wp-block-paragraph\">\u00a1Aqu\u00ed es donde t\u00fa puedes ayudar como patrocinador!<\/p>\r\n\r\n\r\n\r\n<h3 class=\"wp-block-heading\"><img loading=\"lazy\" decoding=\"async\" class=\"alignleft  wp-image-282\" src=\"https:\/\/2019.mexicocity.wordcamp.org\/files\/2019\/05\/gold-150x150.png\" alt=\"\" width=\"31\" height=\"31\" srcset=\"https:\/\/mexicocity.wordcamp.org\/2019\/files\/2019\/05\/gold-150x150.png 150w, https:\/\/mexicocity.wordcamp.org\/2019\/files\/2019\/05\/gold-300x295.png 300w, https:\/\/mexicocity.wordcamp.org\/2019\/files\/2019\/05\/gold-305x300.png 305w, https:\/\/mexicocity.wordcamp.org\/2019\/files\/2019\/05\/gold.png 472w\" sizes=\"auto, (max-width: 31px) 100vw, 31px\" \/>GOLD ($20,000 MXN)<br \/>1 disponible<\/h3>\r\n\r\n\r\n\r\n<p class=\"wp-block-paragraph\">\u2022 Tu logo en la web del WordCamp CDMX (https:\/\/2019.mexicocity.wordcamp.org).<br \/>\u2022 Espacio para una mesa\/stand\/roll-up propio en un lugar con alto tr\u00e1fico de asistentes (aprox. 2 x 1,5 metros).<br \/>\u2022 Un espacio en la mesa de autoservicio de swag donde podr\u00e1s mostrar tus art\u00edculos promocionales.<br \/>\u2022 Una noticia dedicada en nuestra web con una descripci\u00f3n de tu empresa.<br \/>\u2022 Link a tu Sitio Web y Redes Sociales.<br \/>\u2022 Una menci\u00f3n especial en la presentaci\u00f3n y cierre del evento.<br \/>\u2022 Menciones en las publicaciones en Twitter y Facebook antes y durante el evento.<br \/>\u2022 Un art\u00edculo de agradecimiento al final del evento.<br \/>\u2022 2 invitaciones a la cena exclusiva para organizadores, patrocinadores y ponentes.<br \/>\u2022 2 entradas para el WordCamp.<br \/>\u2022 El logo de tu empresa en las diapositivas proyectadas en la pantalla principal entre las ponencias<br \/>\u2022 Tu logo en la publicidad oficial del evento, como flyers, pancartas y digitales<\/p>\r\n\r\n\r\n\r\n<h3 class=\"wp-block-heading\"><img loading=\"lazy\" decoding=\"async\" class=\"alignleft  wp-image-283\" src=\"https:\/\/2019.mexicocity.wordcamp.org\/files\/2019\/05\/silver-150x150.png\" alt=\"\" width=\"30\" height=\"30\" srcset=\"https:\/\/mexicocity.wordcamp.org\/2019\/files\/2019\/05\/silver-150x150.png 150w, https:\/\/mexicocity.wordcamp.org\/2019\/files\/2019\/05\/silver-300x300.png 300w, https:\/\/mexicocity.wordcamp.org\/2019\/files\/2019\/05\/silver.png 323w\" sizes=\"auto, (max-width: 30px) 100vw, 30px\" \/>PLATA ($15,000 MXN)<br \/>2 disponibles<\/h3>\r\n\r\n\r\n\r\n<p class=\"wp-block-paragraph\">\u2022 Tu logo en la web del WordCamp CDMX (https:\/\/2019.mexicocity.wordcamp.org).<br \/>Un espacio en la mesa de autoservicio de swag donde podr\u00e1s mostrar tus art\u00edculos promocionales.<br \/>\u2022 Link a tu Sitio Web.<br \/>\u2022 Una noticia dedicada en nuestra web con una descripci\u00f3n de tu empresa.<br \/>\u2022 Una menci\u00f3n especial en la presentaci\u00f3n y cierre del evento.<br \/>\u2022 Menciones en las publicaciones en Twitter y Facebook.<br \/>\u2022 Una noticia de agradecimiento al final del evento.<br \/>\u2022 1 invitaci\u00f3n a la cena exclusiva para organizadores, patrocinadores y ponentes.<br \/>\u2022 2 entradas para el WordCamp.<br \/>\u2022 Tu logo en la publicidad oficial del evento, como flyers, pancartas y digitales.<\/p>\r\n\r\n\r\n\r\n<h3 class=\"wp-block-heading\"><img loading=\"lazy\" decoding=\"async\" class=\"alignleft  wp-image-281\" src=\"https:\/\/2019.mexicocity.wordcamp.org\/files\/2019\/05\/bronze-150x150.png\" alt=\"\" width=\"30\" height=\"30\" srcset=\"https:\/\/mexicocity.wordcamp.org\/2019\/files\/2019\/05\/bronze-150x150.png 150w, https:\/\/mexicocity.wordcamp.org\/2019\/files\/2019\/05\/bronze-300x300.png 300w, https:\/\/mexicocity.wordcamp.org\/2019\/files\/2019\/05\/bronze.png 325w\" sizes=\"auto, (max-width: 30px) 100vw, 30px\" \/>BRONCE ($10,000 MXN)<br \/>2 disponibles<\/h3>\r\n\r\n\r\n\r\n<p class=\"wp-block-paragraph\">\u2022 Tu logo en la web del WordCamp CDMX (https:\/\/2019.mexicocity.wordcamp.org).<br \/>\u2022 Link a tu Sitio Web.<br \/>\u2022 Una noticia dedicada en nuestra web con una descripci\u00f3n de tu empresa.<br \/>\u2022 Menciones en las publicaciones en Twitter y Facebook.<br \/>\u2022 Tu logo en la publicidad oficial del evento, como flyers, pancartas y digitales<br \/>\u2022 1 invitaci\u00f3n a la cena exclusiva para organizadores, patrocinadores y ponentes.<br \/>\u2022 1 entrada para el WordCamp.<\/p>\r\n\r\n\r\n\r\n<h3 class=\"wp-block-heading\" id=\"mce_7\">MICROSPONSOR ($5,000 MXN)<br \/>2 disponibles<\/h3>\r\n\r\n\r\n\r\n<p class=\"wp-block-paragraph\">\u2022 Tu logo en la web del WordCamp CDMX (https:\/\/2019.mexicocity.wordcamp.org).<br \/>\u2022 Link a tu Sitio Web.<br \/>\u2022 Una noticia dedicada en nuestra web con una descripci\u00f3n de tu empresa.<br \/>\u2022 Tu logo en la publicidad oficial del evento, como flyers, pancartas y digitales.<br \/>\u2022 1 entrada para el WordCamp.<\/p>\r\n\r\n\r\n\r\n<h3 class=\"wp-block-heading\">\u00bfQuieres patrocinar de otra forma?<\/h3>\r\n\r\n\r\n\r\n<p class=\"wp-block-paragraph\">Productos como :<br \/>Gift bags, plumas, accesorios y m\u00e1s, son bienvenidos.<br \/><strong>\u00a1Negociamos tu patrocinio en el evento!<\/strong><\/p>\r\n\r\n\r\n\r\n<p class=\"wp-block-paragraph\">\u00bfEst\u00e1s interesado en patrocinar el evento? escr\u00edbenos a <a href=\"mailto:wordpress.cdmx@gmail.com\">wordpress.cdmx@gmail.com<\/a><\/p>\r\n\r\n\r\n<div data-test='contact-form'\n\t\t\tid='contact-form-200'\n\t\t\tclass=\"jetpack-contact-form-container is-layout-flex wp-container-jetpack-contact-form-is-layout-7f6ac06e wp-block-jetpack-contact-form-is-layout-flex\"\n\t\t\tdata-wp-interactive='jetpack\/form' data-wp-context='{\"formId\":\"200\",\"formHash\":\"54ab18dd7be8e1232abf27ad4effae93be34aa94\",\"showErrors\":false,\"errors\":[],\"fields\":[],\"isMultiStep\":false,\"useAjax\":true,\"submissionData\":null,\"formattedSubmissionData\":[],\"submissionSuccess\":false,\"submissionError\":null,\"elementId\":\"jp-form-54ab18dd7be8e1232abf27ad4effae93be34aa94\",\"isSingleInputForm\":false,\"isForcedHorizontal\":false}'\n\t\t\tdata-wp-watch--scroll-to-wrapper=\"callbacks.scrollToWrapper\"\n\t\t>\n<div class=\"contact-form-submission contact-form-ajax-submission\" data-wp-bind--aria-hidden=\"state.isSuccessMessageAriaHidden\" data-wp-class--submission-success=\"context.submissionSuccess\" id=\"contact-form-success-54ab18dd7be8e1232abf27ad4effae93be34aa94\" tabindex=\"-1\" aria-labelledby=\"contact-form-success-header-54ab18dd7be8e1232abf27ad4effae93be34aa94\"><p class=\"go-back-message\"><a class=\"link\" role=\"button\" tabindex=\"0\" data-wp-on--click=\"actions.goBack\" href=\"\/2019\/wp-json\/wp\/v2\/pages\/200\">\u2190 Back<\/a><\/p><h4 data-wp-bind--aria-hidden=\"state.isSuccessMessageAriaHidden\" id=\"contact-form-success-header-54ab18dd7be8e1232abf27ad4effae93be34aa94\">Thank you for your response. \u2728<\/h4>\n\n<template data-wp-each--submission=\"context.formattedSubmissionData\">\n\t\t\t\t\t<div class=\"jetpack_forms_contact-form-success-summary\">\n\t\t\t\t\t\t<div class=\"field-name-wrapper\">\n\t\t\t\t\t\t\t<div class=\"field-type-icon\" data-wp-watch=\"callbacks.watchFieldTypeIcon\"><\/div>\n\t\t\t\t\t\t\t<div class=\"field-name\" data-wp-text=\"context.submission.label\" data-wp-bind--hidden=\"!context.submission.label\"><\/div>\n\t\t\t\t\t\t<\/div>\n\t\t\t\t\t\t<div class=\"field-value\" data-wp-text=\"context.submission.value\" data-wp-bind--hidden=\"!context.submission.showPlainValue\"><\/div>\n\t\t\t\t\t\t<a class=\"field-url\" data-wp-bind--href=\"context.submission.url\" data-wp-text=\"context.submission.value\" data-wp-bind--hidden=\"!context.submission.url\" target=\"_blank\" rel=\"noopener noreferrer\"><\/a>\n\t\t\t\t\t\t<div class=\"field-rating\" data-wp-bind--hidden=\"!context.submission.rating\" data-wp-watch=\"callbacks.watchRatingIcons\"><\/div>\n\t\t\t\t\t\t<div class=\"field-images\" data-wp-bind--hidden=\"!context.submission.images\">\n\t\t\t\t\t\t\t<template data-wp-each--image=\"context.submission.images\">\n\t\t\t\t\t\t\t\t<div class=\"field-image-option\" data-wp-class--is-empty=\"!context.image.src\">\n\t\t\t\t\t\t\t\t\t<figure class=\"field-image-option__image\" data-wp-class--is-empty=\"!context.image.src\">\n\t\t\t\t\t\t\t\t\t\t<img data-wp-bind--src=\"context.image.src\" data-wp-bind--hidden=\"!context.image.src\" \/>\n\t\t\t\t\t\t\t\t\t\t<img decoding=\"async\" src=\"data:image\/gif;base64,R0lGODlhAQABAAD\/ACwAAAAAAQABAAACADs=\" data-wp-bind--hidden=\"context.image.src\" \/>\n\t\t\t\t\t\t\t\t\t<\/figure>\n\t\t\t\t\t\t\t\t\t<div class=\"field-image-option__label-wrapper\">\n\t\t\t\t\t\t\t\t\t\t<span class=\"field-image-option__label-code\" data-wp-text=\"context.image.letterCode\"><\/span>\n\t\t\t\t\t\t\t\t\t\t<span class=\"field-image-option__label\" data-wp-text=\"context.image.label\" data-wp-bind--hidden=\"!context.image.label\"><\/span>\n\t\t\t\t\t\t\t\t\t<\/div>\n\t\t\t\t\t\t\t\t<\/div>\n\t\t\t\t\t\t\t<\/template>\n\t\t\t\t\t\t<\/div>\n\t\t\t\t\t\t<div class=\"field-files\" data-wp-bind--hidden=\"!context.submission.files\">\n\t\t\t\t\t\t\t<template data-wp-each--file=\"context.submission.files\">\n\t\t\t\t\t\t\t\t<div class=\"field-file\">\n\t\t\t\t\t\t\t\t\t<div class=\"field-file__thumbnail\" data-wp-style--background-image=\"context.file.previewUrl\" data-wp-style--mask-image=\"context.file.iconUrl\" data-wp-bind--hidden=\"!context.file.hasPreview\"><\/div>\n\t\t\t\t\t\t\t\t\t<svg class=\"field-file__icon\" data-wp-bind--hidden=\"context.file.hasPreview\" width=\"20\" height=\"20\" viewBox=\"0 0 24 24\" fill=\"none\" xmlns=\"http:\/\/www.w3.org\/2000\/svg\" aria-hidden=\"true\">\n\t\t\t\t\t\t\t\t\t\t<path d=\"M14 2H6C4.9 2 4 2.9 4 4V20C4 21.1 4.89 22 5.99 22H18C19.1 22 20 21.1 20 20V8L14 2ZM18 20H6V4H13V9H18V20Z\" fill=\"currentColor\"\/>\n\t\t\t\t\t\t\t\t\t<\/svg>\n\t\t\t\t\t\t\t\t\t<span class=\"field-file__name\" data-wp-text=\"context.file.name\"><\/span>\n\t\t\t\t\t\t\t\t\t<span class=\"field-file__size\" data-wp-text=\"context.file.size\"><\/span>\n\t\t\t\t\t\t\t\t<\/div>\n\t\t\t\t\t\t\t<\/template>\n\t\t\t\t\t\t<\/div>\n\t\t\t\t\t<\/div>\n\t\t\t\t<\/template><\/div><form action='https:\/\/mexicocity.wordcamp.org\/2019\/llamado-a-patrocinadores\/'\n\t\t\t\tid='jp-form-54ab18dd7be8e1232abf27ad4effae93be34aa94'\n\t\t\t\tmethod='post'\n\t\t\t\tclass='contact-form commentsblock jetpack-contact-form__form has-no-jetpack-form-layout' aria-label=\"Llamado a patrocinadores\"\n\t\t\t\tdata-wp-on--submit=\"actions.onFormSubmit\"\n\t\t\t\tdata-wp-on--reset=\"actions.onFormReset\"\n\t\t\t\tdata-wp-class--submission-success=\"context.submissionSuccess\"\n\t\t\t\tdata-wp-class--is-first-step=\"state.isFirstStep\"\n\t\t\t\tdata-wp-class--is-last-step=\"state.isLastStep\"\n\t\t\t\tdata-wp-class--is-ajax-form=\"context.useAjax\"\n\t\t\t\tnovalidate >\n<input type='hidden' name='jetpack_contact_form_jwt' value='eyJ0eXAiOiJKV1QiLCJhbGciOiJIUzI1NiJ9.eyJlbmNyeXB0ZWRfYXR0cmlidXRlcyI6InZGbzN0QjRFeHBTQlpHeTcvUVhvUjFPcDQwZjBKZnEvMElCOFN2UjZLdDJRUFRSbXpHWnJxUnM0L0psc0xCUnZud3gzeEZyTjBQZ2k1ZDZEVFE3Q0dpSzduUXdES3dValQ5R3VnYkY1dXlzblVZMHNxV05GRVpPaW9qZVFSaitsOVpmVUtwbHI5NVVDSHJzSlI3UVJiRmwwVFBQYkxrU3p0QmgrMmphbFU3RSswTHhJN2pPNVFOMmhTa3BJUXJHZml5bkxDTGpXOHU5RzBnWDFzem5KVWpIR1BXYVYwMzlCZnM5WHJBS3d1K0VGb1I1NldYeXNEQmZrcjZ1WGN4OFMrNmJkQlJ6M0c1a1dsazg1Ym9OQ0pPZzNjOFFFa2pYTWRuSFB4SEZzN1RsRzc4bVd3L0RmblhVanhtUHNseEZJeXVNdTM3TkhiN2ZxbHA0dFVrdlZralFOU25NZDRFRTkwMldtMWppT2wxNkZUT0xYQ2txUlk5ZGlIUWpvQVZtMUt5WW9WSjBNaUNHUGFTcDhsUU5vbkFERm5aR0xUeC94SjFJWTc1aWdudUplRGpxVnNlN1RSSnowcDlWWWlaYXJDL2NUM0ZrNUE5VHVnUzJicGM4emx2d3ZuUURFbk5lcXRvWEV2SU9FSlBEVE5EWVovTVpLVERET21VNDJ3U2VFdDFaVmxqWFNHUFE4bTFMcjhTN1Jub1hDQnNCejdqRnlXUVJEZWtlNlJOY29wajZyU3pNck5MVUppTVJ5SU5oMHVWNzRYUGRpOXhLeSt5ZElUa2Y3YmxybjNGQkc5TW1Lc2JOWHYzdnhWYWthQW5Zc3VWNjA2MXY0QkJ2di9qVHBqeGpZVlEwZ2dCREo4TW5NakNnKzkzVVo5aVYwSXRLZkpxWmI5bVpoSjZTRXhYNXhscDk5c1FxanVoM1lNS2hQNmJhM1IydklncUJLRTBmN1VxNmhxYlVOQkNvWEVQdkZTbC9ncmRyaHBIR3pOMmtQRjVnbWtocEwyVE5ySFU0WStpWGNJbm15b2JUZzdwNER2SHFUdXI2OU0xNDRMaWx3SHZNUW5BVWdpcktpQ0tNZzExN0lDNHFyQWh4cGtLVFFMRDVDSDJWM0xHU2R6UjNnNi91ZlZ0c2dPUXZNL1lJRU91ZTJsVmQwRGdscmIrSU55SzNhMmJtYzRsL3ZLRXduIiwiY29udGVudCI6IlxyXG5cclxuW2NvbnRhY3QtZmllbGQgbGFiZWw9XCJOb21icmVcIiByZXF1aXJlZD1cIjFcIiB0eXBlPVwibmFtZVwiL11cclxuXHJcbltjb250YWN0LWZpZWxkIHJlcXVpcmVkPVwiMVwiIHR5cGU9XCJlbWFpbFwiIGxhYmVsPVwiRW1haWxcIi9dXHJcblxyXG5bY29udGFjdC1maWVsZCBsYWJlbD1cIlBhcXVldGUgZGUgaW50ZXJcdTAwZTlzXCIgdHlwZT1cInRleHRcIi9dXHJcblxyXG5bY29udGFjdC1maWVsZCBsYWJlbD1cIk1lbnNhamVcIiB0eXBlPVwidGV4dGFyZWFcIi9dIiwiaGFzaCI6IjU0YWIxOGRkN2JlOGUxMjMyYWJmMjdhZDRlZmZhZTkzYmUzNGFhOTQiLCJzb3VyY2UiOnsiZW50cnlfdGl0bGUiOiJMbGFtYWRvIGEgcGF0cm9jaW5hZG9yZXMiLCJlbnRyeV9wYWdlIjoxLCJzb3VyY2VfaWQiOjIwMCwic291cmNlX3R5cGUiOiJzaW5nbGUiLCJyZXF1ZXN0X3VybCI6Imh0dHBzOi8vbWV4aWNvY2l0eS53b3JkY2FtcC5vcmcvMjAxOS93cC1qc29uL3dwL3YyL3BhZ2VzLzIwMCJ9LCJ2ZXJzaW9uIjoyLCJjaXBoZXIiOiJhZXMtMjU2LWdjbSJ9.HnFiKmdZRfNaT7ihFnzEzQ2Qr6TrT8sIZ7NhHddyLC8' \/>\n\r\n\r\n\n<div style=\"\"  data-wp-interactive=\"jetpack\/form\" data-wp-context='{\"fieldId\":\"g200-nombre\",\"fieldType\":\"name\",\"fieldLabel\":\"Nombre\",\"fieldValue\":\"\",\"fieldPlaceholder\":\"\",\"fieldIsRequired\":\"1\",\"fieldErrorMessage\":\"\",\"fieldExtra\":[],\"formHash\":\"54ab18dd7be8e1232abf27ad4effae93be34aa94\"}'  class='grunion-field-name-wrap grunion-field-wrap'  data-wp-init='callbacks.initializeField' data-wp-on--jetpack-form-reset='callbacks.initializeField' >\n<label\n\t\t\t\tfor='g200-nombre' class=\"grunion-field-label name\" >Nombre<span class=\"grunion-label-required\" aria-hidden=\"true\">(required)<\/span><\/label>\n<input\n\t\t\t\t\ttype='text'\n\t\t\t\t\tname='g200-nombre'\n\t\t\t\t\tid='g200-nombre'\n\t\t\t\t\tvalue=''\n\n\t\t\t\t\tdata-wp-bind--aria-invalid='state.fieldAriaInvalid'\n\t\t\t\t\tdata-wp-bind--value='state.getFieldValue'\n\t\t\t\t\taria-describedby='g200-nombre-text-error-message'\n\t\t\t\t\tdata-wp-on--input='actions.onFieldChange'\n\t\t\t\t\tdata-wp-on--blur='actions.onFieldBlur'\n\t\t\t\t\tdata-wp-class--has-value='state.hasFieldValue'\n\n\t\t\t\t\tclass='name  grunion-field' \n\t\t\t\t\trequired='true' aria-required='true'  \/>\n \n\t\t\t<div id=\"g200-nombre-text-error\" class=\"contact-form__input-error\" data-wp-class--has-errors=\"state.fieldHasErrors\">\n\t\t\t\t<span class=\"contact-form__warning-icon\" aria-hidden=\"true\">\n\t\t\t\t\t<svg width=\"16\" height=\"16\" viewBox=\"0 0 16 16\" fill=\"none\" xmlns=\"http:\/\/www.w3.org\/2000\/svg\">\n\t\t\t\t\t\t<path d=\"M8.50015 11.6402H7.50015V10.6402H8.50015V11.6402Z\" \/>\n\t\t\t\t\t\t<path d=\"M7.50015 9.64018H8.50015V6.30684H7.50015V9.64018Z\" \/>\n\t\t\t\t\t\t<path fill-rule=\"evenodd\" clip-rule=\"evenodd\" d=\"M6.98331 3.0947C7.42933 2.30177 8.57096 2.30177 9.01698 3.09469L13.8771 11.7349C14.3145 12.5126 13.7525 13.4735 12.8602 13.4735H3.14004C2.24774 13.4735 1.68575 12.5126 2.12321 11.7349L6.98331 3.0947ZM8.14541 3.58496C8.08169 3.47168 7.9186 3.47168 7.85488 3.58496L2.99478 12.2251C2.93229 12.3362 3.01257 12.4735 3.14004 12.4735H12.8602C12.9877 12.4735 13.068 12.3362 13.0055 12.2251L8.14541 3.58496Z\" \/>\n\t\t\t\t\t<\/svg>\n\t\t\t\t<\/span>\n\t\t\t\t<span data-wp-text=\"state.errorMessage\" id=\"g200-nombre-text-error-message\"><\/span>\n\t\t\t<\/div> \n\t<\/div>\n\r\n\r\n\n<div style=\"\"  data-wp-interactive=\"jetpack\/form\" data-wp-context='{\"fieldId\":\"g200-email\",\"fieldType\":\"email\",\"fieldLabel\":\"Email\",\"fieldValue\":\"\",\"fieldPlaceholder\":\"\",\"fieldIsRequired\":\"1\",\"fieldErrorMessage\":\"\",\"fieldExtra\":[],\"formHash\":\"54ab18dd7be8e1232abf27ad4effae93be34aa94\"}'  class='grunion-field-email-wrap grunion-field-wrap'  data-wp-init='callbacks.initializeField' data-wp-on--jetpack-form-reset='callbacks.initializeField' >\n<label\n\t\t\t\tfor='g200-email' class=\"grunion-field-label email\" >Email<span class=\"grunion-label-required\" aria-hidden=\"true\">(required)<\/span><\/label>\n<input\n\t\t\t\t\ttype='email'\n\t\t\t\t\tname='g200-email'\n\t\t\t\t\tid='g200-email'\n\t\t\t\t\tvalue=''\n\n\t\t\t\t\tdata-wp-bind--aria-invalid='state.fieldAriaInvalid'\n\t\t\t\t\tdata-wp-bind--value='state.getFieldValue'\n\t\t\t\t\taria-describedby='g200-email-email-error-message'\n\t\t\t\t\tdata-wp-on--input='actions.onFieldChange'\n\t\t\t\t\tdata-wp-on--blur='actions.onFieldBlur'\n\t\t\t\t\tdata-wp-class--has-value='state.hasFieldValue'\n\n\t\t\t\t\tclass='email  grunion-field' \n\t\t\t\t\trequired='true' aria-required='true'  \/>\n \n\t\t\t<div id=\"g200-email-email-error\" class=\"contact-form__input-error\" data-wp-class--has-errors=\"state.fieldHasErrors\">\n\t\t\t\t<span class=\"contact-form__warning-icon\" aria-hidden=\"true\">\n\t\t\t\t\t<svg width=\"16\" height=\"16\" viewBox=\"0 0 16 16\" fill=\"none\" xmlns=\"http:\/\/www.w3.org\/2000\/svg\">\n\t\t\t\t\t\t<path d=\"M8.50015 11.6402H7.50015V10.6402H8.50015V11.6402Z\" \/>\n\t\t\t\t\t\t<path d=\"M7.50015 9.64018H8.50015V6.30684H7.50015V9.64018Z\" \/>\n\t\t\t\t\t\t<path fill-rule=\"evenodd\" clip-rule=\"evenodd\" d=\"M6.98331 3.0947C7.42933 2.30177 8.57096 2.30177 9.01698 3.09469L13.8771 11.7349C14.3145 12.5126 13.7525 13.4735 12.8602 13.4735H3.14004C2.24774 13.4735 1.68575 12.5126 2.12321 11.7349L6.98331 3.0947ZM8.14541 3.58496C8.08169 3.47168 7.9186 3.47168 7.85488 3.58496L2.99478 12.2251C2.93229 12.3362 3.01257 12.4735 3.14004 12.4735H12.8602C12.9877 12.4735 13.068 12.3362 13.0055 12.2251L8.14541 3.58496Z\" \/>\n\t\t\t\t\t<\/svg>\n\t\t\t\t<\/span>\n\t\t\t\t<span data-wp-text=\"state.errorMessage\" id=\"g200-email-email-error-message\"><\/span>\n\t\t\t<\/div> \n\t<\/div>\n\r\n\r\n\n<div style=\"\"  data-wp-interactive=\"jetpack\/form\" data-wp-context='{\"fieldId\":\"g200-paquetedeinters\",\"fieldType\":\"text\",\"fieldLabel\":\"Paquete de inter\\u00e9s\",\"fieldValue\":\"\",\"fieldPlaceholder\":\"\",\"fieldIsRequired\":\"\",\"fieldErrorMessage\":\"\",\"fieldExtra\":[],\"formHash\":\"54ab18dd7be8e1232abf27ad4effae93be34aa94\"}'  class='grunion-field-text-wrap grunion-field-wrap'  data-wp-init='callbacks.initializeField' data-wp-on--jetpack-form-reset='callbacks.initializeField' >\n<label\n\t\t\t\tfor='g200-paquetedeinters' class=\"grunion-field-label text\" >Paquete de inter\u00e9s<\/label>\n<input\n\t\t\t\t\ttype='text'\n\t\t\t\t\tname='g200-paquetedeinters'\n\t\t\t\t\tid='g200-paquetedeinters'\n\t\t\t\t\tvalue=''\n\n\t\t\t\t\tdata-wp-bind--aria-invalid='state.fieldAriaInvalid'\n\t\t\t\t\tdata-wp-bind--value='state.getFieldValue'\n\t\t\t\t\taria-describedby='g200-paquetedeinters-text-error-message'\n\t\t\t\t\tdata-wp-on--input='actions.onFieldChange'\n\t\t\t\t\tdata-wp-on--blur='actions.onFieldBlur'\n\t\t\t\t\tdata-wp-class--has-value='state.hasFieldValue'\n\n\t\t\t\t\tclass='text  grunion-field' \n\t\t\t\t\t \/>\n \n\t\t\t<div id=\"g200-paquetedeinters-text-error\" class=\"contact-form__input-error\" data-wp-class--has-errors=\"state.fieldHasErrors\">\n\t\t\t\t<span class=\"contact-form__warning-icon\" aria-hidden=\"true\">\n\t\t\t\t\t<svg width=\"16\" height=\"16\" viewBox=\"0 0 16 16\" fill=\"none\" xmlns=\"http:\/\/www.w3.org\/2000\/svg\">\n\t\t\t\t\t\t<path d=\"M8.50015 11.6402H7.50015V10.6402H8.50015V11.6402Z\" \/>\n\t\t\t\t\t\t<path d=\"M7.50015 9.64018H8.50015V6.30684H7.50015V9.64018Z\" \/>\n\t\t\t\t\t\t<path fill-rule=\"evenodd\" clip-rule=\"evenodd\" d=\"M6.98331 3.0947C7.42933 2.30177 8.57096 2.30177 9.01698 3.09469L13.8771 11.7349C14.3145 12.5126 13.7525 13.4735 12.8602 13.4735H3.14004C2.24774 13.4735 1.68575 12.5126 2.12321 11.7349L6.98331 3.0947ZM8.14541 3.58496C8.08169 3.47168 7.9186 3.47168 7.85488 3.58496L2.99478 12.2251C2.93229 12.3362 3.01257 12.4735 3.14004 12.4735H12.8602C12.9877 12.4735 13.068 12.3362 13.0055 12.2251L8.14541 3.58496Z\" \/>\n\t\t\t\t\t<\/svg>\n\t\t\t\t<\/span>\n\t\t\t\t<span data-wp-text=\"state.errorMessage\" id=\"g200-paquetedeinters-text-error-message\"><\/span>\n\t\t\t<\/div> \n\t<\/div>\n\r\n\r\n\n<div style=\"\"  data-wp-interactive=\"jetpack\/form\" data-wp-context='{\"fieldId\":\"g200-mensaje\",\"fieldType\":\"textarea\",\"fieldLabel\":\"Mensaje\",\"fieldValue\":\"\",\"fieldPlaceholder\":\"\",\"fieldIsRequired\":\"\",\"fieldErrorMessage\":\"\",\"fieldExtra\":[],\"formHash\":\"54ab18dd7be8e1232abf27ad4effae93be34aa94\"}'  class='grunion-field-textarea-wrap grunion-field-wrap'  data-wp-init='callbacks.initializeField' data-wp-on--jetpack-form-reset='callbacks.initializeField' >\n<label\n\t\t\t\tfor='contact-form-comment-g200-mensaje' class=\"grunion-field-label textarea\" >Mensaje<\/label>\n<textarea\n\t\t                style=''\n\t\t                name='g200-mensaje'\n\t\t                id='contact-form-comment-g200-mensaje'\n\t\t                rows='20'\n\t\t\t\t\t\tdata-wp-text='state.getFieldValue'\n\t\t\t\t\t\tdata-wp-on--input='actions.onFieldChange'\n\t\t\t\t\t\tdata-wp-on--blur='actions.onFieldBlur'\n\t\t\t\t\t\tdata-wp-class--has-value='state.hasFieldValue'\n\t\t\t\t\t\taria-describedby='g200-mensaje-textarea-error-message'\n\t\t\t\t\t\tdata-wp-bind--aria-invalid='state.fieldAriaInvalid'\n\t\t\t\t\t\tclass='textarea  grunion-field'  ><\/textarea>\n \n\t\t\t<div id=\"g200-mensaje-textarea-error\" class=\"contact-form__input-error\" data-wp-class--has-errors=\"state.fieldHasErrors\">\n\t\t\t\t<span class=\"contact-form__warning-icon\" aria-hidden=\"true\">\n\t\t\t\t\t<svg width=\"16\" height=\"16\" viewBox=\"0 0 16 16\" fill=\"none\" xmlns=\"http:\/\/www.w3.org\/2000\/svg\">\n\t\t\t\t\t\t<path d=\"M8.50015 11.6402H7.50015V10.6402H8.50015V11.6402Z\" \/>\n\t\t\t\t\t\t<path d=\"M7.50015 9.64018H8.50015V6.30684H7.50015V9.64018Z\" \/>\n\t\t\t\t\t\t<path fill-rule=\"evenodd\" clip-rule=\"evenodd\" d=\"M6.98331 3.0947C7.42933 2.30177 8.57096 2.30177 9.01698 3.09469L13.8771 11.7349C14.3145 12.5126 13.7525 13.4735 12.8602 13.4735H3.14004C2.24774 13.4735 1.68575 12.5126 2.12321 11.7349L6.98331 3.0947ZM8.14541 3.58496C8.08169 3.47168 7.9186 3.47168 7.85488 3.58496L2.99478 12.2251C2.93229 12.3362 3.01257 12.4735 3.14004 12.4735H12.8602C12.9877 12.4735 13.068 12.3362 13.0055 12.2251L8.14541 3.58496Z\" \/>\n\t\t\t\t\t<\/svg>\n\t\t\t\t<\/span>\n\t\t\t\t<span data-wp-text=\"state.errorMessage\" id=\"g200-mensaje-textarea-error-message\"><\/span>\n\t\t\t<\/div>\n\t<\/div>\n\t<p class='contact-submit'>\n<div class=\"contact-form__error\" data-wp-class--show-errors=\"state.showFormErrors\"><span class=\"contact-form__warning-icon\" aria-hidden=\"true\"><i><\/i><\/span><span class=\"contact-form__error-message\" tabindex=\"-1\" data-wp-watch=\"callbacks.focusOnValidationError\" data-wp-text=\"state.getFormErrorMessage\"><\/span><ul aria-label=\"Form errors\">\n\t\t\t\t<template data-wp-each=\"state.getErrorList\" data-wp-key=\"context.item.id\">\n\t\t\t\t\t<li><a data-wp-bind--href=\"context.item.anchor\" data-wp-on--click=\"actions.scrollIntoView\" data-wp-text=\"context.item.label\"><\/a><\/li>\n\t\t\t\t<\/template>\n\t\t\t\t<\/ul><\/div><div class=\"contact-form__error\" data-wp-class--show-errors=\"state.showSubmissionError\" data-wp-text=\"context.submissionError\" tabindex=\"-1\" data-wp-watch=\"callbacks.focusOnSubmissionError\"><\/div>\t\t<button type='submit' class='pushbutton-wide'>Enviar<\/button>\t\t<input type='hidden' name='is_block' value='1' \/>\n\t\t<input type='hidden' name='contact-form-id' value='200' \/>\n\t\t<input type='hidden' name='action' value='grunion-contact-form' \/>\n\t\t<input type='hidden' name='contact-form-hash' value='54ab18dd7be8e1232abf27ad4effae93be34aa94' \/>\n\t<\/p>\n<p style=\"display: none !important;\" class=\"akismet-fields-container\" data-prefix=\"ak_\"><label>&#916;<textarea name=\"ak_hp_textarea\" cols=\"45\" rows=\"8\" maxlength=\"100\"><\/textarea><\/label><input type=\"hidden\" id=\"ak_js_1\" name=\"ak_js\" value=\"7\"\/><script>\ndocument.getElementById( \"ak_js_1\" ).setAttribute( \"value\", ( new Date() ).getTime() );\n<\/script>\n<\/p><\/form>\n<\/div>","protected":false},"excerpt":{"rendered":"<p>&#8212; English translation here &#8212; La comunidad de WordPress en M\u00e9xico, est\u00e1 feliz de anunciarte que el WordCamp 2019 CDMX se llevar\u00e1 a cabo el pr\u00f3ximo S\u00e1bado 31 de agosto. Esperamos contar con una audiencia de 400 asistentes entre ellos dise\u00f1adores, bloggers, mercad\u00f3logos, desarroladores y usuarios casuales de WordPress. Patrocina #WCMEX Patrocinar WordCamp CDMX es &hellip; <\/p>\n<p class=\"link-more\"><a href=\"https:\/\/mexicocity.wordcamp.org\/2019\/llamado-a-patrocinadores\/\" class=\"more-link\">Continue reading<span class=\"screen-reader-text\"> &#8220;Llamado a patrocinadores&#8221;<\/span><\/a><\/p>\n","protected":false},"author":14514020,"featured_media":0,"parent":0,"menu_order":0,"comment_status":"closed","ping_status":"closed","template":"","meta":{"_crdt_document":"","jetpack_post_was_ever_published":false,"footnotes":""},"class_list":["post-200","page","type-page","status-publish","hentry"],"jetpack_sharing_enabled":true,"jetpack_shortlink":"https:\/\/wp.me\/PaIvdZ-3e","_links":{"self":[{"href":"https:\/\/mexicocity.wordcamp.org\/2019\/wp-json\/wp\/v2\/pages\/200","targetHints":{"allow":["GET"]}}],"collection":[{"href":"https:\/\/mexicocity.wordcamp.org\/2019\/wp-json\/wp\/v2\/pages"}],"about":[{"href":"https:\/\/mexicocity.wordcamp.org\/2019\/wp-json\/wp\/v2\/types\/page"}],"author":[{"embeddable":true,"href":"https:\/\/mexicocity.wordcamp.org\/2019\/wp-json\/wp\/v2\/users\/14514020"}],"replies":[{"embeddable":true,"href":"https:\/\/mexicocity.wordcamp.org\/2019\/wp-json\/wp\/v2\/comments?post=200"}],"version-history":[{"count":10,"href":"https:\/\/mexicocity.wordcamp.org\/2019\/wp-json\/wp\/v2\/pages\/200\/revisions"}],"predecessor-version":[{"id":1883,"href":"https:\/\/mexicocity.wordcamp.org\/2019\/wp-json\/wp\/v2\/pages\/200\/revisions\/1883"}],"wp:attachment":[{"href":"https:\/\/mexicocity.wordcamp.org\/2019\/wp-json\/wp\/v2\/media?parent=200"}],"curies":[{"name":"wp","href":"https:\/\/api.w.org\/{rel}","templated":true}]}}